0?
1816
What is the remainder when 6610 is divided by 1649?
14
Calculate the remainder when 249338 is divided by 11.
1
What is the remainder when 143935 is divided by 64?
63
Calculate the remainder when 4647 is divided by 221.
6
Calculate the remainder when 4206 is divided by 288.
174
Calculate the remainder when 10233 is divided by 14.
13
What is the remainder when 57232 is divided by 106?
98
What is the remainder when 2837 is divided by 388?
121
What is the remainder when 15045 is divided by 99?
96
Calculate the remainder when 153466 is divided by 548.
26
Calculate the remainder when 946366 is divided by 24.
22
What is the remainder when 468083 is divided by 36006?
5
What is the remainder when 311931 is divided by 12997?
3
What is the remainder when 23876 is divided by 188?
0
Calculate the remainder when 9192 is divided by 271.
249
What is the remainder when 4812 is divided by 2400?
12
Calculate the remainder when 7288 is divided by 1213.
10
What is the remainder when 140 is divided by 27?
5
Calculate the remainder when 4001 is divided by 251.
236
What is the remainder when 250 is divided by 79?
13
Calculate the remainder when 465 is divided by 318.
147
What is the remainder when 34891 is divided by 286?
285
Calculate the remainder when 16298 is divided by 326.
324
Calculate the remainder when 21386 is divided by 1337.
1331
Calculate the remainder when 147569 is divided by 73713.
143
Calculate the remainder when 693 is divided by 117.
108
What is the remainder when 11564 is divided by 141?
2
What is the remainder when 1672 is divided by 757?
158
What is the remainder when 18265 is divided by 9081?
103
What is the remainder when 18622 is divided by 434?
394
What is the remainder when 24084 is divided by 13?
8
What is the remainder when 2976 is divided by 112?
64
Calculate the remainder when 621733 is divided by 310862.
9
What is the remainder when 64300 is divided by 12860?
0
What is the remainder when 19151 is divided by 491?
2
What is the remainder when 1445788 is divided by 16?
12
What is the remainder when 28740 is divided by 654?
618
Calculate the remainder when 5383 is divided by 1330.
63
What is the remainder when 111521 is divided by 93?
14
Calculate the remainder when 11122 is divided by 2751.
118
What is the remainder when 13563 is divided by 421?
91
What is the remainder when 30200 is divided by 111?
8
What is the remainder when 10148 is divided by 70?
68
Calculate the remainder when 189334 is divided by 1372.
1370
What is the remainder when 30623 is divided by 7598?
231
Calculate the remainder when 31257 is divided by 98.
93
What is the remainder when 1877 is divided by 582?
131
What is the remainder when 59583 is divided by 24?
15
Calculate the remainder when 183748 is divided by 25.
23
Calculate the remainder when 3349 is divided by 13.
8
Calculate the remainder when 1249 is divided by 23.
7
What is the remainder when 12310 is divided by 145?
130
Calculate the remainder when 2227 is divided by 79.
15
Calculate the remainder when 1759 is divided by 609.
541
What is the remainder when 5567 is divided by 1116?
1103
Calculate the remainder when 20532 is divided by 898.
776
Calculate the remainder when 9959 is divided by 342.
41
What is the remainder when 1268 is divided by 422?
2
What is the remainder when 1468 is divided by 728?
12
Calculate the remainder when 330599 is divided by 28.
3
Calculate the remainder when 10466 is divided by 146.
100
Calculate the remainder when 48823 is divided by 93.
91
What is the remainder when 402609 is divided by 264?
9
What is the remainder when 3488 is divided by 869?
12
Calculate the remainder when 2944890 is divided by 17.
14
What is the remainder when 266997 is divided by 150?
147
What is the remainder when 50196 is divided by 1257?
1173
What is the remainder when 97029 is divided by 78?
75
What is the remainder when 7777 is divided by 1294?
13
Calculate the remainder when 105318 is divided by 52624.
70
Calculate the remainder when 78862 is divided by 330.
322
Calculate the remainder when 76789 is divided by 70.
69
What is the remainder when 1205 is divided by 1182?
23
What is the remainder when 585 is divided by 213?
159
What is the remainder when 1438 is divided by 262?
128
What is the remainder when 19474 is divided by 177?
4
What is the remainder when 183271 is divided by 16657?
44
What is the remainder when 63422 is divided by 533?
528
What is the remainder when 351968 is divided by 5?
3
Calculate the remainder when 371693 is divided by 1050.
1043
Calculate the remainder when 407188 is divided by 576.
532
Calculate the remainder when 275176 is divided by 35.
6
What is the remainder when 74696 is divided by 9333?
32
Calculate the remainder when 4317 is divided by 1155.
852
What is the remainder when 4995 is divided by 241?
175
Calculate the remainder when 710216 is divided by 266.
262
Calculate the remainder when 1279 is divided by 464.
351
Calculate the remainder when 3390 is divided by 11.
2
What is the remainder when 140866 is divided by 5?
1
What is the remainder when 5794 is divided by 26?
22
Calculate the remainder when 889572 is divided by 76.
68
What is the remainder when 72381 is divided by 193?
6
What is the remainder when 16239 is divided by 2286?
237
What is the remainder when 46580 is divided by 18?
14
Calculate the remainder when 287 is divided by 15.
2
What is the remainder when 40457 is divided by 57?
44
What is the remainder when 253738 is divided by 377?
17
Calculate the remainder when 809724 is divided by 35.
34
Calculate the remainder when 28584 is divided by 112.
24
What is the remainder when 245829 is divided by 62?
61
What is the remainder when 171300 is divided by 85648?
4
What is the remainder when 31150 is divided by 65?
15
Calculate the remainder when 193502 is divided by 1075.
2
What is the remainder when 1505 is divided by 1123?
382
Calculate the remainder when 82340 is divided by 183.
173
Calculate the remainder when 14296 is divided by 9.
4
What is the remainder when 2148083 is divided by 47?
42
What is the remainder when 17389 is divided by 17381?
8
What is the remainder when 113023 is divided by 234?
1
Calculate the remainder when 27944 is divided by 3962.
210
Calculate the remainder when 259684 is divided by 129817.
50
What is the remainder when 54509 is divided by 18165?
14
Calculate the remainder when 132558 is divided by 174.
144
Calculate the remainder when 1408 is divided by 1408.
0
What is the remainder when 142337 is divided by 35580?
17
What is the remainder when 1595 is divided by 42?
41
Calculate the remainder when 686027 is divided by 53.
48
Calculate the remainder when 28620 is divided by 7143.
48
Calculate the remainder when 69065 is divided by 2226.
59
What is the remainder when 2549 is divided by 21?
8
Calculate the remainder when 916 is divided by 88.
36
Calculate the remainder when 13762 is divided by 124.
122
What is the remainder when 248381 is divided by 18?
17
Calculate the remainder when 224085 is divided by 7228.
17
Calculate the remainder when 17037 is divided by 17010.
27
What is the remainder when 90021 is divided by 242?
239
What is the remainder when 26635 is divided by 429?
37
What is the remainder when 9974 is divided by 196?
174
What is the remainder when 141358 is divided by 5?
3
What is the remainder when 9777 is divided by 2420?
97
Calculate the remainder when 11466 is divided by 9698.
1768
Calculate the remainder when 1505631 is divided by 7.
1
What is the remainder when 56804 is divided by 280?
244
Calculate the remainder when 178203 is divided by 5939.
33
What is the remainder when 7340 is divided by 1831?
16
What is the remainder when 787517 is divided by 56?
45
Calculate the remainder when 32401 is divided by 14.
5
Calculate the remainder when 13540 is divided by 198.
76
Calculate the remainder when 1567198 is divided by 48.
46
What is the remainder when 241895 is divided by 71?
69
What is the remainder when 1917 is divided by 1428?
489
Calculate the remainder when 11791464 is divided by 27.
24
Calculate the remainder when 46142 is divided by 112.
110
Calculate the remainder when 977 is divided by 43.
31
Calculate the remainder when 114374 is divided by 305.
304
What is the remainder when 2168 is divided by 346?
9